{"id":186,"date":"2024-07-13T20:13:15","date_gmt":"2024-07-13T18:13:15","guid":{"rendered":"https:\/\/web233.vm06.de\/?page_id=186"},"modified":"2024-09-16T10:01:23","modified_gmt":"2024-09-16T08:01:23","slug":"pnf","status":"publish","type":"page","link":"https:\/\/web233.vm06.de\/index.php\/physioterhapie\/pnf\/","title":{"rendered":"PNF (propriozeptive neuromuskul\u00e4re Fazilitation) in M\u00fcnster"},"content":{"rendered":"\t\t<div data-elementor-type=\"wp-page\" data-elementor-id=\"186\" class=\"elementor elementor-186\" data-elementor-post-type=\"page\">\n\t\t\t\t\t\t<section class=\"elementor-section elementor-top-section elementor-element elementor-element-7976d21 elementor-section-boxed elementor-section-height-default elementor-section-height-default\" data-id=\"7976d21\" data-element_type=\"section\" data-settings=\"{&quot;background_background&quot;:&quot;classic&quot;,&quot;shape_divider_bottom&quot;:&quot;waves&quot;,&quot;shape_divider_bottom_negative&quot;:&quot;yes&quot;}\">\n\t\t\t\t\t<div class=\"elementor-shape elementor-shape-bottom\" aria-hidden=\"true\" data-negative=\"true\">\n\t\t\t<svg xmlns=\"http:\/\/www.w3.org\/2000\/svg\" viewBox=\"0 0 1000 100\" preserveAspectRatio=\"none\">\n\t<path class=\"elementor-shape-fill\" d=\"M790.5,93.1c-59.3-5.3-116.8-18-192.6-50c-29.6-12.7-76.9-31-100.5-35.9c-23.6-4.9-52.6-7.8-75.5-5.3\n\tc-10.2,1.1-22.6,1.4-50.1,7.4c-27.2,6.3-58.2,16.6-79.4,24.7c-41.3,15.9-94.9,21.9-134,22.6C72,58.2,0,25.8,0,25.8V100h1000V65.3\n\tc0,0-51.5,19.4-106.2,25.7C839.5,97,814.1,95.2,790.5,93.1z\"\/>\n<\/svg>\t\t<\/div>\n\t\t\t\t\t<div class=\"elementor-container elementor-column-gap-default\">\n\t\t\t\t\t<div class=\"elementor-column elementor-col-100 elementor-top-column elementor-element elementor-element-f69ebee\" data-id=\"f69ebee\" data-element_type=\"column\">\n\t\t\t<div class=\"elementor-widget-wrap elementor-element-populated\">\n\t\t\t\t\t\t<div class=\"elementor-element elementor-element-3dbfd67 elementor-widget elementor-widget-heading\" data-id=\"3dbfd67\" data-element_type=\"widget\" data-widget_type=\"heading.default\">\n\t\t\t\t<div class=\"elementor-widget-container\">\n\t\t\t\t\t<h2 class=\"elementor-heading-title elementor-size-default\">Leistungen unserer Praxis <\/h2>\t\t\t\t<\/div>\n\t\t\t\t<\/div>\n\t\t\t\t<div class=\"elementor-element elementor-element-c16e36a elementor-widget elementor-widget-heading\" data-id=\"c16e36a\" data-element_type=\"widget\" data-widget_type=\"heading.default\">\n\t\t\t\t<div class=\"elementor-widget-container\">\n\t\t\t\t\t<h2 class=\"elementor-heading-title elementor-size-default\">Propriozeptive Neuromuskul\u00e4re Fazilitation (PNF)\n\n<\/h2>\t\t\t\t<\/div>\n\t\t\t\t<\/div>\n\t\t\t\t\t<\/div>\n\t\t<\/div>\n\t\t\t\t\t<\/div>\n\t\t<\/section>\n\t\t\t\t<section class=\"elementor-section elementor-top-section elementor-element elementor-element-1729157 elementor-section-boxed elementor-section-height-default elementor-section-height-default\" data-id=\"1729157\" data-element_type=\"section\">\n\t\t\t\t\t\t<div class=\"elementor-container elementor-column-gap-default\">\n\t\t\t\t\t<div class=\"elementor-column elementor-col-100 elementor-top-column elementor-element elementor-element-edf77f7\" data-id=\"edf77f7\" data-element_type=\"column\">\n\t\t\t<div class=\"elementor-widget-wrap elementor-element-populated\">\n\t\t\t\t\t\t<div class=\"elementor-element elementor-element-08f6bc5 elementor-widget elementor-widget-heading\" data-id=\"08f6bc5\" data-element_type=\"widget\" data-widget_type=\"heading.default\">\n\t\t\t\t<div class=\"elementor-widget-container\">\n\t\t\t\t\t<h2 class=\"elementor-heading-title elementor-size-default\">PNF Therapie in M\u00fcnster in unserer Praxis <\/h2>\t\t\t\t<\/div>\n\t\t\t\t<\/div>\n\t\t\t\t<div class=\"elementor-element elementor-element-ec84e2f elementor-widget elementor-widget-text-editor\" data-id=\"ec84e2f\" data-element_type=\"widget\" data-widget_type=\"text-editor.default\">\n\t\t\t\t<div class=\"elementor-widget-container\">\n\t\t\t\t\t\t\t\t\t<p><strong>Was ist PNF?<\/strong><\/p><p>Propriozeption bedeutet, dass Muskel-, Gelenk- und Sehnenrezeptoren Informationen \u00fcber Haltung und Bewegung an das Zentrale Nervensystem weiterleiten. Neuromuskul\u00e4r beschreibt die Zusammenarbeit von Rezeptoren, Nerven und Muskeln.<\/p><p><strong>Fazilitation:<\/strong><\/p><p>Fazilitation bedeutet das Anbahnen gesunder Bewegungen. PNF stimuliert durch verschiedene Techniken die Zusammenarbeit von Rezeptoren, Nerven und Muskeln und verbessert so die Motorik des gesamten Bewegungssystems.<\/p><p><strong>Vorteile von PNF:<\/strong><\/p><ul><li>F\u00f6rdert Beweglichkeit, Stabilit\u00e4t, Kraft und Ausdauer.<\/li><li>Ziel: pathologische Bewegungsabl\u00e4ufe in gesunde Bewegungsabl\u00e4ufe umwandeln.<\/li><\/ul><p>\u00a0<\/p><p><strong>Anwendungsgebiete:<\/strong><\/p><p>PNF wird bei Bewegungsst\u00f6rungen durch neurologische Erkrankungen (Multiple Sklerose, Parkinson, Schlaganfall) und nach orthop\u00e4dischen Eingriffen (z.B. Gelenkoperationen) angewendet.<\/p>\t\t\t\t\t\t\t\t<\/div>\n\t\t\t\t<\/div>\n\t\t\t\t<div class=\"elementor-element elementor-element-aa1285b elementor-widget elementor-widget-image\" data-id=\"aa1285b\" data-element_type=\"widget\" data-widget_type=\"image.default\">\n\t\t\t\t<div class=\"elementor-widget-container\">\n\t\t\t\t\t\t\t\t\t\t\t\t\t\t\t<img decoding=\"async\" width=\"100\" height=\"100\" src=\"https:\/\/web233.vm06.de\/wp-content\/uploads\/2024\/07\/physiowerk-favicon.svg\" class=\"attachment-large size-large wp-image-37\" alt=\"\" \/>\t\t\t\t\t\t\t\t\t\t\t\t\t\t\t<\/div>\n\t\t\t\t<\/div>\n\t\t\t\t<div class=\"elementor-element elementor-element-757ac3f elementor-widget elementor-widget-heading\" data-id=\"757ac3f\" data-element_type=\"widget\" data-widget_type=\"heading.default\">\n\t\t\t\t<div class=\"elementor-widget-container\">\n\t\t\t\t\t<h2 class=\"elementor-heading-title elementor-size-default\">Ruf an f\u00fcr deine pers\u00f6nliche Beratung!<\/h2>\t\t\t\t<\/div>\n\t\t\t\t<\/div>\n\t\t\t\t<div class=\"elementor-element elementor-element-5497ad0 elementor-widget elementor-widget-text-editor\" data-id=\"5497ad0\" data-element_type=\"widget\" data-widget_type=\"text-editor.default\">\n\t\t\t\t<div class=\"elementor-widget-container\">\n\t\t\t\t\t\t\t\t\t<p>Deine Zufriedenheit und Genesung sind unser gr\u00f6\u00dftes Anliegen. Mit Empathie und Fachwissen unterst\u00fctzen wir dich auf deinem Weg zu einer besseren Gesundheit.<\/p>\t\t\t\t\t\t\t\t<\/div>\n\t\t\t\t<\/div>\n\t\t\t\t<div class=\"elementor-element elementor-element-94800a4 elementor-align-center elementor-widget elementor-widget-button\" data-id=\"94800a4\" data-element_type=\"widget\" data-widget_type=\"button.default\">\n\t\t\t\t<div class=\"elementor-widget-container\">\n\t\t\t\t\t\t\t\t\t<div class=\"elementor-button-wrapper\">\n\t\t\t\t\t<a class=\"elementor-button elementor-button-link elementor-size-sm\" href=\"mailto:info@physiowerk.ms\">\n\t\t\t\t\t\t<span class=\"elementor-button-content-wrapper\">\n\t\t\t\t\t\t\t\t\t<span class=\"elementor-button-text\">Vereinbare noch heute deinen ersten Termin!<\/span>\n\t\t\t\t\t<\/span>\n\t\t\t\t\t<\/a>\n\t\t\t\t<\/div>\n\t\t\t\t\t\t\t\t<\/div>\n\t\t\t\t<\/div>\n\t\t\t\t\t<\/div>\n\t\t<\/div>\n\t\t\t\t\t<\/div>\n\t\t<\/section>\n\t\t\t\t<\/div>\n\t\t","protected":false},"excerpt":{"rendered":"<p>Leistungen unserer Praxis Propriozeptive Neuromuskul\u00e4re Fazilitation (PNF) PNF Therapie in M\u00fcnster in unserer Praxis Was ist PNF? Propriozeption bedeutet, dass Muskel-, Gelenk- und Sehnenrezeptoren Informationen \u00fcber Haltung und Bewegung an das Zentrale Nervensystem weiterleiten. Neuromuskul\u00e4r beschreibt die Zusammenarbeit von Rezeptoren, Nerven und Muskeln. Fazilitation: Fazilitation bedeutet das Anbahnen gesunder Bewegungen. PNF stimuliert durch verschiedene Techniken [&hellip;]<\/p>\n","protected":false},"author":3,"featured_media":0,"parent":167,"menu_order":0,"comment_status":"closed","ping_status":"closed","template":"","meta":{"footnotes":""},"class_list":["post-186","page","type-page","status-publish","hentry"],"yoast_head":"<!-- This site is optimized with the Yoast SEO plugin v25.5 - https:\/\/yoast.com\/wordpress\/plugins\/seo\/ -->\n<title>PNF (propriozeptive neuromuskul\u00e4re Fazilitation) in M\u00fcnster - Physiotherapie M\u00fcnster \u2013 physiowerk<\/title>\n<meta name=\"robots\" content=\"index, follow, max-snippet:-1, max-image-preview:large, max-video-preview:-1\" \/>\n<link rel=\"canonical\" href=\"https:\/\/web233.vm06.de\/index.php\/physioterhapie\/pnf\/\" \/>\n<meta property=\"og:locale\" content=\"de_DE\" \/>\n<meta property=\"og:type\" content=\"article\" \/>\n<meta property=\"og:title\" content=\"PNF (propriozeptive neuromuskul\u00e4re Fazilitation) in M\u00fcnster - Physiotherapie M\u00fcnster \u2013 physiowerk\" \/>\n<meta property=\"og:description\" content=\"Leistungen unserer Praxis Propriozeptive Neuromuskul\u00e4re Fazilitation (PNF) PNF Therapie in M\u00fcnster in unserer Praxis Was ist PNF? Propriozeption bedeutet, dass Muskel-, Gelenk- und Sehnenrezeptoren Informationen \u00fcber Haltung und Bewegung an das Zentrale Nervensystem weiterleiten. Neuromuskul\u00e4r beschreibt die Zusammenarbeit von Rezeptoren, Nerven und Muskeln. Fazilitation: Fazilitation bedeutet das Anbahnen gesunder Bewegungen. PNF stimuliert durch verschiedene Techniken [&hellip;]\" \/>\n<meta property=\"og:url\" content=\"https:\/\/web233.vm06.de\/index.php\/physioterhapie\/pnf\/\" \/>\n<meta property=\"og:site_name\" content=\"Physiotherapie M\u00fcnster \u2013 physiowerk\" \/>\n<meta property=\"article:modified_time\" content=\"2024-09-16T08:01:23+00:00\" \/>\n<meta property=\"og:image\" content=\"http:\/\/web233.vm06.de\/wp-content\/uploads\/2024\/07\/physiowerk-favicon.svg\" \/>\n<meta name=\"twitter:card\" content=\"summary_large_image\" \/>\n<meta name=\"twitter:label1\" content=\"Gesch\u00e4tzte Lesezeit\" \/>\n\t<meta name=\"twitter:data1\" content=\"1\u00a0Minute\" \/>\n<script type=\"application\/ld+json\" class=\"yoast-schema-graph\">{\"@context\":\"https:\/\/schema.org\",\"@graph\":[{\"@type\":\"WebPage\",\"@id\":\"https:\/\/web233.vm06.de\/index.php\/physioterhapie\/pnf\/\",\"url\":\"https:\/\/web233.vm06.de\/index.php\/physioterhapie\/pnf\/\",\"name\":\"PNF (propriozeptive neuromuskul\u00e4re Fazilitation) in M\u00fcnster - Physiotherapie M\u00fcnster \u2013 physiowerk\",\"isPartOf\":{\"@id\":\"https:\/\/web233.vm06.de\/#website\"},\"primaryImageOfPage\":{\"@id\":\"https:\/\/web233.vm06.de\/index.php\/physioterhapie\/pnf\/#primaryimage\"},\"image\":{\"@id\":\"https:\/\/web233.vm06.de\/index.php\/physioterhapie\/pnf\/#primaryimage\"},\"thumbnailUrl\":\"http:\/\/web233.vm06.de\/wp-content\/uploads\/2024\/07\/physiowerk-favicon.svg\",\"datePublished\":\"2024-07-13T18:13:15+00:00\",\"dateModified\":\"2024-09-16T08:01:23+00:00\",\"breadcrumb\":{\"@id\":\"https:\/\/web233.vm06.de\/index.php\/physioterhapie\/pnf\/#breadcrumb\"},\"inLanguage\":\"de\",\"potentialAction\":[{\"@type\":\"ReadAction\",\"target\":[\"https:\/\/web233.vm06.de\/index.php\/physioterhapie\/pnf\/\"]}]},{\"@type\":\"ImageObject\",\"inLanguage\":\"de\",\"@id\":\"https:\/\/web233.vm06.de\/index.php\/physioterhapie\/pnf\/#primaryimage\",\"url\":\"https:\/\/web233.vm06.de\/wp-content\/uploads\/2024\/07\/physiowerk-favicon.svg\",\"contentUrl\":\"https:\/\/web233.vm06.de\/wp-content\/uploads\/2024\/07\/physiowerk-favicon.svg\",\"width\":100,\"height\":100},{\"@type\":\"BreadcrumbList\",\"@id\":\"https:\/\/web233.vm06.de\/index.php\/physioterhapie\/pnf\/#breadcrumb\",\"itemListElement\":[{\"@type\":\"ListItem\",\"position\":1,\"name\":\"Startseite\",\"item\":\"https:\/\/web233.vm06.de\/\"},{\"@type\":\"ListItem\",\"position\":2,\"name\":\"Physiotherapie in M\u00fcnster \u2013\u00a0unsere Leistungen im physiowerk\",\"item\":\"https:\/\/web233.vm06.de\/index.php\/physioterhapie\/\"},{\"@type\":\"ListItem\",\"position\":3,\"name\":\"PNF (propriozeptive neuromuskul\u00e4re Fazilitation) in M\u00fcnster\"}]},{\"@type\":\"WebSite\",\"@id\":\"https:\/\/web233.vm06.de\/#website\",\"url\":\"https:\/\/web233.vm06.de\/\",\"name\":\"Physiotherapie M\u00fcnster \u2013 physiowerk\",\"description\":\"Praxis f\u00fcr Physiotherapie in M\u00fcnster\",\"publisher\":{\"@id\":\"https:\/\/web233.vm06.de\/#organization\"},\"potentialAction\":[{\"@type\":\"SearchAction\",\"target\":{\"@type\":\"EntryPoint\",\"urlTemplate\":\"https:\/\/web233.vm06.de\/?s={search_term_string}\"},\"query-input\":{\"@type\":\"PropertyValueSpecification\",\"valueRequired\":true,\"valueName\":\"search_term_string\"}}],\"inLanguage\":\"de\"},{\"@type\":\"Organization\",\"@id\":\"https:\/\/web233.vm06.de\/#organization\",\"name\":\"Physiotherapie M\u00fcnster \u2013 physiowerk\",\"url\":\"https:\/\/web233.vm06.de\/\",\"logo\":{\"@type\":\"ImageObject\",\"inLanguage\":\"de\",\"@id\":\"https:\/\/web233.vm06.de\/#\/schema\/logo\/image\/\",\"url\":\"https:\/\/web233.vm06.de\/wp-content\/uploads\/2024\/07\/physiowerk-muenster.svg\",\"contentUrl\":\"https:\/\/web233.vm06.de\/wp-content\/uploads\/2024\/07\/physiowerk-muenster.svg\",\"width\":283,\"height\":81,\"caption\":\"Physiotherapie M\u00fcnster \u2013 physiowerk\"},\"image\":{\"@id\":\"https:\/\/web233.vm06.de\/#\/schema\/logo\/image\/\"}}]}<\/script>\n<!-- \/ Yoast SEO plugin. -->","yoast_head_json":{"title":"PNF (propriozeptive neuromuskul\u00e4re Fazilitation) in M\u00fcnster - Physiotherapie M\u00fcnster \u2013 physiowerk","robots":{"index":"index","follow":"follow","max-snippet":"max-snippet:-1","max-image-preview":"max-image-preview:large","max-video-preview":"max-video-preview:-1"},"canonical":"https:\/\/web233.vm06.de\/index.php\/physioterhapie\/pnf\/","og_locale":"de_DE","og_type":"article","og_title":"PNF (propriozeptive neuromuskul\u00e4re Fazilitation) in M\u00fcnster - Physiotherapie M\u00fcnster \u2013 physiowerk","og_description":"Leistungen unserer Praxis Propriozeptive Neuromuskul\u00e4re Fazilitation (PNF) PNF Therapie in M\u00fcnster in unserer Praxis Was ist PNF? Propriozeption bedeutet, dass Muskel-, Gelenk- und Sehnenrezeptoren Informationen \u00fcber Haltung und Bewegung an das Zentrale Nervensystem weiterleiten. Neuromuskul\u00e4r beschreibt die Zusammenarbeit von Rezeptoren, Nerven und Muskeln. Fazilitation: Fazilitation bedeutet das Anbahnen gesunder Bewegungen. PNF stimuliert durch verschiedene Techniken [&hellip;]","og_url":"https:\/\/web233.vm06.de\/index.php\/physioterhapie\/pnf\/","og_site_name":"Physiotherapie M\u00fcnster \u2013 physiowerk","article_modified_time":"2024-09-16T08:01:23+00:00","og_image":[{"url":"http:\/\/web233.vm06.de\/wp-content\/uploads\/2024\/07\/physiowerk-favicon.svg","type":"","width":"","height":""}],"twitter_card":"summary_large_image","twitter_misc":{"Gesch\u00e4tzte Lesezeit":"1\u00a0Minute"},"schema":{"@context":"https:\/\/schema.org","@graph":[{"@type":"WebPage","@id":"https:\/\/web233.vm06.de\/index.php\/physioterhapie\/pnf\/","url":"https:\/\/web233.vm06.de\/index.php\/physioterhapie\/pnf\/","name":"PNF (propriozeptive neuromuskul\u00e4re Fazilitation) in M\u00fcnster - Physiotherapie M\u00fcnster \u2013 physiowerk","isPartOf":{"@id":"https:\/\/web233.vm06.de\/#website"},"primaryImageOfPage":{"@id":"https:\/\/web233.vm06.de\/index.php\/physioterhapie\/pnf\/#primaryimage"},"image":{"@id":"https:\/\/web233.vm06.de\/index.php\/physioterhapie\/pnf\/#primaryimage"},"thumbnailUrl":"http:\/\/web233.vm06.de\/wp-content\/uploads\/2024\/07\/physiowerk-favicon.svg","datePublished":"2024-07-13T18:13:15+00:00","dateModified":"2024-09-16T08:01:23+00:00","breadcrumb":{"@id":"https:\/\/web233.vm06.de\/index.php\/physioterhapie\/pnf\/#breadcrumb"},"inLanguage":"de","potentialAction":[{"@type":"ReadAction","target":["https:\/\/web233.vm06.de\/index.php\/physioterhapie\/pnf\/"]}]},{"@type":"ImageObject","inLanguage":"de","@id":"https:\/\/web233.vm06.de\/index.php\/physioterhapie\/pnf\/#primaryimage","url":"https:\/\/web233.vm06.de\/wp-content\/uploads\/2024\/07\/physiowerk-favicon.svg","contentUrl":"https:\/\/web233.vm06.de\/wp-content\/uploads\/2024\/07\/physiowerk-favicon.svg","width":100,"height":100},{"@type":"BreadcrumbList","@id":"https:\/\/web233.vm06.de\/index.php\/physioterhapie\/pnf\/#breadcrumb","itemListElement":[{"@type":"ListItem","position":1,"name":"Startseite","item":"https:\/\/web233.vm06.de\/"},{"@type":"ListItem","position":2,"name":"Physiotherapie in M\u00fcnster \u2013\u00a0unsere Leistungen im physiowerk","item":"https:\/\/web233.vm06.de\/index.php\/physioterhapie\/"},{"@type":"ListItem","position":3,"name":"PNF (propriozeptive neuromuskul\u00e4re Fazilitation) in M\u00fcnster"}]},{"@type":"WebSite","@id":"https:\/\/web233.vm06.de\/#website","url":"https:\/\/web233.vm06.de\/","name":"Physiotherapie M\u00fcnster \u2013 physiowerk","description":"Praxis f\u00fcr Physiotherapie in M\u00fcnster","publisher":{"@id":"https:\/\/web233.vm06.de\/#organization"},"potentialAction":[{"@type":"SearchAction","target":{"@type":"EntryPoint","urlTemplate":"https:\/\/web233.vm06.de\/?s={search_term_string}"},"query-input":{"@type":"PropertyValueSpecification","valueRequired":true,"valueName":"search_term_string"}}],"inLanguage":"de"},{"@type":"Organization","@id":"https:\/\/web233.vm06.de\/#organization","name":"Physiotherapie M\u00fcnster \u2013 physiowerk","url":"https:\/\/web233.vm06.de\/","logo":{"@type":"ImageObject","inLanguage":"de","@id":"https:\/\/web233.vm06.de\/#\/schema\/logo\/image\/","url":"https:\/\/web233.vm06.de\/wp-content\/uploads\/2024\/07\/physiowerk-muenster.svg","contentUrl":"https:\/\/web233.vm06.de\/wp-content\/uploads\/2024\/07\/physiowerk-muenster.svg","width":283,"height":81,"caption":"Physiotherapie M\u00fcnster \u2013 physiowerk"},"image":{"@id":"https:\/\/web233.vm06.de\/#\/schema\/logo\/image\/"}}]}},"_links":{"self":[{"href":"https:\/\/web233.vm06.de\/index.php\/wp-json\/wp\/v2\/pages\/186","targetHints":{"allow":["GET"]}}],"collection":[{"href":"https:\/\/web233.vm06.de\/index.php\/wp-json\/wp\/v2\/pages"}],"about":[{"href":"https:\/\/web233.vm06.de\/index.php\/wp-json\/wp\/v2\/types\/page"}],"author":[{"embeddable":true,"href":"https:\/\/web233.vm06.de\/index.php\/wp-json\/wp\/v2\/users\/3"}],"replies":[{"embeddable":true,"href":"https:\/\/web233.vm06.de\/index.php\/wp-json\/wp\/v2\/comments?post=186"}],"version-history":[{"count":37,"href":"https:\/\/web233.vm06.de\/index.php\/wp-json\/wp\/v2\/pages\/186\/revisions"}],"predecessor-version":[{"id":717,"href":"https:\/\/web233.vm06.de\/index.php\/wp-json\/wp\/v2\/pages\/186\/revisions\/717"}],"up":[{"embeddable":true,"href":"https:\/\/web233.vm06.de\/index.php\/wp-json\/wp\/v2\/pages\/167"}],"wp:attachment":[{"href":"https:\/\/web233.vm06.de\/index.php\/wp-json\/wp\/v2\/media?parent=186"}],"curies":[{"name":"wp","href":"https:\/\/api.w.org\/{rel}","templated":true}]}}