{"id":177,"date":"2024-07-13T20:10:09","date_gmt":"2024-07-13T18:10:09","guid":{"rendered":"https:\/\/web233.vm06.de\/?page_id=177"},"modified":"2024-09-16T10:01:34","modified_gmt":"2024-09-16T08:01:34","slug":"lymphdrainage","status":"publish","type":"page","link":"https:\/\/web233.vm06.de\/index.php\/physioterhapie\/lymphdrainage\/","title":{"rendered":"Lymphdrainage in M\u00fcnster im physiowerk"},"content":{"rendered":"\t\t<div data-elementor-type=\"wp-page\" data-elementor-id=\"177\" class=\"elementor elementor-177\" data-elementor-post-type=\"page\">\n\t\t\t\t\t\t<section class=\"elementor-section elementor-top-section elementor-element elementor-element-7976d21 elementor-section-boxed elementor-section-height-default elementor-section-height-default\" data-id=\"7976d21\" data-element_type=\"section\" data-settings=\"{&quot;background_background&quot;:&quot;classic&quot;,&quot;shape_divider_bottom&quot;:&quot;waves&quot;,&quot;shape_divider_bottom_negative&quot;:&quot;yes&quot;}\">\n\t\t\t\t\t<div class=\"elementor-shape elementor-shape-bottom\" aria-hidden=\"true\" data-negative=\"true\">\n\t\t\t<svg xmlns=\"http:\/\/www.w3.org\/2000\/svg\" viewBox=\"0 0 1000 100\" preserveAspectRatio=\"none\">\n\t<path class=\"elementor-shape-fill\" d=\"M790.5,93.1c-59.3-5.3-116.8-18-192.6-50c-29.6-12.7-76.9-31-100.5-35.9c-23.6-4.9-52.6-7.8-75.5-5.3\n\tc-10.2,1.1-22.6,1.4-50.1,7.4c-27.2,6.3-58.2,16.6-79.4,24.7c-41.3,15.9-94.9,21.9-134,22.6C72,58.2,0,25.8,0,25.8V100h1000V65.3\n\tc0,0-51.5,19.4-106.2,25.7C839.5,97,814.1,95.2,790.5,93.1z\"\/>\n<\/svg>\t\t<\/div>\n\t\t\t\t\t<div class=\"elementor-container elementor-column-gap-default\">\n\t\t\t\t\t<div class=\"elementor-column elementor-col-100 elementor-top-column elementor-element elementor-element-f69ebee\" data-id=\"f69ebee\" data-element_type=\"column\">\n\t\t\t<div class=\"elementor-widget-wrap elementor-element-populated\">\n\t\t\t\t\t\t<div class=\"elementor-element elementor-element-3dbfd67 elementor-widget elementor-widget-heading\" data-id=\"3dbfd67\" data-element_type=\"widget\" data-widget_type=\"heading.default\">\n\t\t\t\t<div class=\"elementor-widget-container\">\n\t\t\t\t\t<h2 class=\"elementor-heading-title elementor-size-default\">Leistungen unserer Praxis <\/h2>\t\t\t\t<\/div>\n\t\t\t\t<\/div>\n\t\t\t\t<div class=\"elementor-element elementor-element-c16e36a elementor-widget elementor-widget-heading\" data-id=\"c16e36a\" data-element_type=\"widget\" data-widget_type=\"heading.default\">\n\t\t\t\t<div class=\"elementor-widget-container\">\n\t\t\t\t\t<h2 class=\"elementor-heading-title elementor-size-default\">Lymphdrainage<\/h2>\t\t\t\t<\/div>\n\t\t\t\t<\/div>\n\t\t\t\t\t<\/div>\n\t\t<\/div>\n\t\t\t\t\t<\/div>\n\t\t<\/section>\n\t\t\t\t<section class=\"elementor-section elementor-top-section elementor-element elementor-element-1729157 elementor-section-boxed elementor-section-height-default elementor-section-height-default\" data-id=\"1729157\" data-element_type=\"section\">\n\t\t\t\t\t\t<div class=\"elementor-container elementor-column-gap-default\">\n\t\t\t\t\t<div class=\"elementor-column elementor-col-100 elementor-top-column elementor-element elementor-element-edf77f7\" data-id=\"edf77f7\" data-element_type=\"column\">\n\t\t\t<div class=\"elementor-widget-wrap elementor-element-populated\">\n\t\t\t\t\t\t<div class=\"elementor-element elementor-element-08f6bc5 elementor-widget elementor-widget-heading\" data-id=\"08f6bc5\" data-element_type=\"widget\" data-widget_type=\"heading.default\">\n\t\t\t\t<div class=\"elementor-widget-container\">\n\t\t\t\t\t<h2 class=\"elementor-heading-title elementor-size-default\">Manuelle Lymphdrainage  in M\u00fcnster in unserer Praxis <\/h2>\t\t\t\t<\/div>\n\t\t\t\t<\/div>\n\t\t\t\t<div class=\"elementor-element elementor-element-e248ee3 elementor-widget elementor-widget-text-editor\" data-id=\"e248ee3\" data-element_type=\"widget\" data-widget_type=\"text-editor.default\">\n\t\t\t\t<div class=\"elementor-widget-container\">\n\t\t\t\t\t\t\t\t\t<p><strong>Was ist Lymphdrainage?<\/strong><\/p>\n<p>Lymphdrainage ist eine spezielle Massagetechnik, die den Abfluss von Lymphfl\u00fcssigkeit im K\u00f6rper f\u00f6rdert. Sie hilft, Schwellungen und Stauungen zu reduzieren und das Immunsystem zu st\u00e4rken.<\/p>\n<p><\/p>\n<p><strong>Wie funktioniert Lymphdrainage?<\/strong><\/p>\n<p>Durch sanfte, rhythmische Bewegungen wird die Lymphfl\u00fcssigkeit in den Lymphgef\u00e4\u00dfen in Richtung der Lymphknoten geleitet. Dies verbessert den Abtransport von \u00fcbersch\u00fcssiger Fl\u00fcssigkeit und Schlackenstoffen.<\/p>\n<p><\/p>\n<p><strong>Wann wird Lymphdrainage angewendet?<\/strong><\/p>\n<p>Lymphdrainage wird bei Lymph\u00f6demen, Schwellungen nach Operationen, Verletzungen oder chronischen Erkrankungen eingesetzt. Sie lindert Schmerzen, f\u00f6rdert die Heilung und verbessert das allgemeine Wohlbefinden.<\/p>\n<div class=\"flex flex-grow flex-col max-w-full\">\n<div class=\"min-h-[20px] text-message flex flex-col items-start whitespace-pre-wrap break-words [.text-message+&amp;]:mt-5 juice:w-full juice:items-end overflow-x-auto gap-2\" dir=\"auto\" data-message-author-role=\"assistant\" data-message-id=\"b7215e85-70be-432a-85e5-25a7d2b7b2c1\">\n<div class=\"flex w-full flex-col gap-1 juice:empty:hidden juice:first:pt-[3px]\">\n<div class=\"markdown prose w-full break-words dark:prose-invert light\">\n<p><strong>Sanfte Entstauung durch Experten<\/strong><\/p>\n<p>Unsere speziell ausgebildeten Therapeuten entstauen das Lymph- und Venengef\u00e4\u00dfsystem mit sanften Griffen. Diese Technik hilft bei Schwellungen nach Verletzungen und Operationen sowie bei angeborenen \u00d6demen und rheumatischen Gelenkerkrankungen.<\/p>\n<p><\/p>\n<p><strong>Schmerzlinderung und Heilungsf\u00f6rderung<\/strong><\/p>\n<p>Manuelle Lymphdrainage f\u00f6rdert den Abbau von Schwellungen (\u00d6demresorption) und wirkt dadurch schmerzlindernd. Sie unterst\u00fctzt die Heilung und verbessert das Wohlbefinden.<\/p>\n<p><\/p>\n<p><strong>Kompression f\u00fcr nachhaltige Entstauung<\/strong><\/p>\n<p>Nach der Lymphdrainage wird oft eine Kompression durch Bandagierung oder Kompressionsstr\u00fcmpfe angelegt. Dies unterst\u00fctzt den entstauenden Effekt und hilft, ihn bestm\u00f6glich zu bewahren. Dies ist besonders hilfreich bei Lip\u00f6dem, M. Sudeck, Tumoren mit Lymphknotenentfernung sowie rheumatischen und traumatischen Erkrankungen.<\/p>\n<p><\/p>\n<p><strong>Deine Vorteile bei uns<\/strong><\/p>\n<p>Unsere erfahrenen Therapeuten bieten dir individuell abgestimmte Lymphdrainage-Therapien. Vereinbare&nbsp;<span style=\"font-family: var( --e-global-typography-text-font-family ), Sans-serif; font-size: var( --e-global-typography-text-font-size ); letter-spacing: var( --e-global-typography-text-letter-spacing ); word-spacing: var( --e-global-typography-text-word-spacing );\">jetzt einen Termin und erlebe die wohltuende Wirkung der Lymphdrainage.<\/span><\/p>\n<\/div>\n<\/div>\n<\/div>\n<\/div>\t\t\t\t\t\t\t\t<\/div>\n\t\t\t\t<\/div>\n\t\t\t\t<div class=\"elementor-element elementor-element-afee3ed elementor-widget elementor-widget-image\" data-id=\"afee3ed\" data-element_type=\"widget\" data-widget_type=\"image.default\">\n\t\t\t\t<div class=\"elementor-widget-container\">\n\t\t\t\t\t\t\t\t\t\t\t\t\t\t\t<img decoding=\"async\" width=\"100\" height=\"100\" src=\"https:\/\/web233.vm06.de\/wp-content\/uploads\/2024\/07\/physiowerk-favicon.svg\" class=\"attachment-large size-large wp-image-37\" alt=\"\" \/>\t\t\t\t\t\t\t\t\t\t\t\t\t\t\t<\/div>\n\t\t\t\t<\/div>\n\t\t\t\t<div class=\"elementor-element elementor-element-13f9a99 elementor-widget elementor-widget-heading\" data-id=\"13f9a99\" data-element_type=\"widget\" data-widget_type=\"heading.default\">\n\t\t\t\t<div class=\"elementor-widget-container\">\n\t\t\t\t\t<h2 class=\"elementor-heading-title elementor-size-default\">Moderne Techniken und pers\u00f6nliche, individuelle Behandlung\n<\/h2>\t\t\t\t<\/div>\n\t\t\t\t<\/div>\n\t\t\t\t<div class=\"elementor-element elementor-element-4054a65 elementor-widget elementor-widget-text-editor\" data-id=\"4054a65\" data-element_type=\"widget\" data-widget_type=\"text-editor.default\">\n\t\t\t\t<div class=\"elementor-widget-container\">\n\t\t\t\t\t\t\t\t\t<p>Unser erfahrenes Team aus spezialisierten Physiotherapeuten setzt auf moderne Techniken und pers\u00f6nliche Betreuung, um f\u00fcr dich die besten Ergebnisse zu erzielen.<\/p>\t\t\t\t\t\t\t\t<\/div>\n\t\t\t\t<\/div>\n\t\t\t\t<div class=\"elementor-element elementor-element-555c514 elementor-align-center elementor-widget elementor-widget-button\" data-id=\"555c514\" data-element_type=\"widget\" data-widget_type=\"button.default\">\n\t\t\t\t<div class=\"elementor-widget-container\">\n\t\t\t\t\t\t\t\t\t<div class=\"elementor-button-wrapper\">\n\t\t\t\t\t<a class=\"elementor-button elementor-button-link elementor-size-sm\" href=\"mailto:info@physiowerk.ms\">\n\t\t\t\t\t\t<span class=\"elementor-button-content-wrapper\">\n\t\t\t\t\t\t\t\t\t<span class=\"elementor-button-text\">Vereinbare noch heute deinen ersten Termin!<\/span>\n\t\t\t\t\t<\/span>\n\t\t\t\t\t<\/a>\n\t\t\t\t<\/div>\n\t\t\t\t\t\t\t\t<\/div>\n\t\t\t\t<\/div>\n\t\t\t\t\t<\/div>\n\t\t<\/div>\n\t\t\t\t\t<\/div>\n\t\t<\/section>\n\t\t\t\t<\/div>\n\t\t","protected":false},"excerpt":{"rendered":"<p>Leistungen unserer Praxis Lymphdrainage Manuelle Lymphdrainage in M\u00fcnster in unserer Praxis Was ist Lymphdrainage? Lymphdrainage ist eine spezielle Massagetechnik, die den Abfluss von Lymphfl\u00fcssigkeit im K\u00f6rper f\u00f6rdert. Sie hilft, Schwellungen und Stauungen zu reduzieren und das Immunsystem zu st\u00e4rken. Wie funktioniert Lymphdrainage? Durch sanfte, rhythmische Bewegungen wird die Lymphfl\u00fcssigkeit in den Lymphgef\u00e4\u00dfen in Richtung der [&hellip;]<\/p>\n","protected":false},"author":3,"featured_media":0,"parent":167,"menu_order":0,"comment_status":"closed","ping_status":"closed","template":"","meta":{"footnotes":""},"class_list":["post-177","page","type-page","status-publish","hentry"],"yoast_head":"<!-- This site is optimized with the Yoast SEO plugin v25.5 - https:\/\/yoast.com\/wordpress\/plugins\/seo\/ -->\n<title>Lymphdrainage in M\u00fcnster im physiowerk - Physiotherapie M\u00fcnster \u2013 physiowerk<\/title>\n<meta name=\"robots\" content=\"index, follow, max-snippet:-1, max-image-preview:large, max-video-preview:-1\" \/>\n<link rel=\"canonical\" href=\"https:\/\/web233.vm06.de\/index.php\/physioterhapie\/lymphdrainage\/\" \/>\n<meta property=\"og:locale\" content=\"de_DE\" \/>\n<meta property=\"og:type\" content=\"article\" \/>\n<meta property=\"og:title\" content=\"Lymphdrainage in M\u00fcnster im physiowerk - Physiotherapie M\u00fcnster \u2013 physiowerk\" \/>\n<meta property=\"og:description\" content=\"Leistungen unserer Praxis Lymphdrainage Manuelle Lymphdrainage in M\u00fcnster in unserer Praxis Was ist Lymphdrainage? Lymphdrainage ist eine spezielle Massagetechnik, die den Abfluss von Lymphfl\u00fcssigkeit im K\u00f6rper f\u00f6rdert. Sie hilft, Schwellungen und Stauungen zu reduzieren und das Immunsystem zu st\u00e4rken. Wie funktioniert Lymphdrainage? Durch sanfte, rhythmische Bewegungen wird die Lymphfl\u00fcssigkeit in den Lymphgef\u00e4\u00dfen in Richtung der [&hellip;]\" \/>\n<meta property=\"og:url\" content=\"https:\/\/web233.vm06.de\/index.php\/physioterhapie\/lymphdrainage\/\" \/>\n<meta property=\"og:site_name\" content=\"Physiotherapie M\u00fcnster \u2013 physiowerk\" \/>\n<meta property=\"article:modified_time\" content=\"2024-09-16T08:01:34+00:00\" \/>\n<meta property=\"og:image\" content=\"http:\/\/web233.vm06.de\/wp-content\/uploads\/2024\/07\/physiowerk-favicon.svg\" \/>\n<meta name=\"twitter:card\" content=\"summary_large_image\" \/>\n<meta name=\"twitter:label1\" content=\"Gesch\u00e4tzte Lesezeit\" \/>\n\t<meta name=\"twitter:data1\" content=\"2\u00a0Minuten\" \/>\n<script type=\"application\/ld+json\" class=\"yoast-schema-graph\">{\"@context\":\"https:\/\/schema.org\",\"@graph\":[{\"@type\":\"WebPage\",\"@id\":\"https:\/\/web233.vm06.de\/index.php\/physioterhapie\/lymphdrainage\/\",\"url\":\"https:\/\/web233.vm06.de\/index.php\/physioterhapie\/lymphdrainage\/\",\"name\":\"Lymphdrainage in M\u00fcnster im physiowerk - Physiotherapie M\u00fcnster \u2013 physiowerk\",\"isPartOf\":{\"@id\":\"https:\/\/web233.vm06.de\/#website\"},\"primaryImageOfPage\":{\"@id\":\"https:\/\/web233.vm06.de\/index.php\/physioterhapie\/lymphdrainage\/#primaryimage\"},\"image\":{\"@id\":\"https:\/\/web233.vm06.de\/index.php\/physioterhapie\/lymphdrainage\/#primaryimage\"},\"thumbnailUrl\":\"http:\/\/web233.vm06.de\/wp-content\/uploads\/2024\/07\/physiowerk-favicon.svg\",\"datePublished\":\"2024-07-13T18:10:09+00:00\",\"dateModified\":\"2024-09-16T08:01:34+00:00\",\"breadcrumb\":{\"@id\":\"https:\/\/web233.vm06.de\/index.php\/physioterhapie\/lymphdrainage\/#breadcrumb\"},\"inLanguage\":\"de\",\"potentialAction\":[{\"@type\":\"ReadAction\",\"target\":[\"https:\/\/web233.vm06.de\/index.php\/physioterhapie\/lymphdrainage\/\"]}]},{\"@type\":\"ImageObject\",\"inLanguage\":\"de\",\"@id\":\"https:\/\/web233.vm06.de\/index.php\/physioterhapie\/lymphdrainage\/#primaryimage\",\"url\":\"https:\/\/web233.vm06.de\/wp-content\/uploads\/2024\/07\/physiowerk-favicon.svg\",\"contentUrl\":\"https:\/\/web233.vm06.de\/wp-content\/uploads\/2024\/07\/physiowerk-favicon.svg\",\"width\":100,\"height\":100},{\"@type\":\"BreadcrumbList\",\"@id\":\"https:\/\/web233.vm06.de\/index.php\/physioterhapie\/lymphdrainage\/#breadcrumb\",\"itemListElement\":[{\"@type\":\"ListItem\",\"position\":1,\"name\":\"Startseite\",\"item\":\"https:\/\/web233.vm06.de\/\"},{\"@type\":\"ListItem\",\"position\":2,\"name\":\"Physiotherapie in M\u00fcnster \u2013\u00a0unsere Leistungen im physiowerk\",\"item\":\"https:\/\/web233.vm06.de\/index.php\/physioterhapie\/\"},{\"@type\":\"ListItem\",\"position\":3,\"name\":\"Lymphdrainage in M\u00fcnster im physiowerk\"}]},{\"@type\":\"WebSite\",\"@id\":\"https:\/\/web233.vm06.de\/#website\",\"url\":\"https:\/\/web233.vm06.de\/\",\"name\":\"Physiotherapie M\u00fcnster \u2013 physiowerk\",\"description\":\"Praxis f\u00fcr Physiotherapie in M\u00fcnster\",\"publisher\":{\"@id\":\"https:\/\/web233.vm06.de\/#organization\"},\"potentialAction\":[{\"@type\":\"SearchAction\",\"target\":{\"@type\":\"EntryPoint\",\"urlTemplate\":\"https:\/\/web233.vm06.de\/?s={search_term_string}\"},\"query-input\":{\"@type\":\"PropertyValueSpecification\",\"valueRequired\":true,\"valueName\":\"search_term_string\"}}],\"inLanguage\":\"de\"},{\"@type\":\"Organization\",\"@id\":\"https:\/\/web233.vm06.de\/#organization\",\"name\":\"Physiotherapie M\u00fcnster \u2013 physiowerk\",\"url\":\"https:\/\/web233.vm06.de\/\",\"logo\":{\"@type\":\"ImageObject\",\"inLanguage\":\"de\",\"@id\":\"https:\/\/web233.vm06.de\/#\/schema\/logo\/image\/\",\"url\":\"https:\/\/web233.vm06.de\/wp-content\/uploads\/2024\/07\/physiowerk-muenster.svg\",\"contentUrl\":\"https:\/\/web233.vm06.de\/wp-content\/uploads\/2024\/07\/physiowerk-muenster.svg\",\"width\":283,\"height\":81,\"caption\":\"Physiotherapie M\u00fcnster \u2013 physiowerk\"},\"image\":{\"@id\":\"https:\/\/web233.vm06.de\/#\/schema\/logo\/image\/\"}}]}<\/script>\n<!-- \/ Yoast SEO plugin. -->","yoast_head_json":{"title":"Lymphdrainage in M\u00fcnster im physiowerk - Physiotherapie M\u00fcnster \u2013 physiowerk","robots":{"index":"index","follow":"follow","max-snippet":"max-snippet:-1","max-image-preview":"max-image-preview:large","max-video-preview":"max-video-preview:-1"},"canonical":"https:\/\/web233.vm06.de\/index.php\/physioterhapie\/lymphdrainage\/","og_locale":"de_DE","og_type":"article","og_title":"Lymphdrainage in M\u00fcnster im physiowerk - Physiotherapie M\u00fcnster \u2013 physiowerk","og_description":"Leistungen unserer Praxis Lymphdrainage Manuelle Lymphdrainage in M\u00fcnster in unserer Praxis Was ist Lymphdrainage? Lymphdrainage ist eine spezielle Massagetechnik, die den Abfluss von Lymphfl\u00fcssigkeit im K\u00f6rper f\u00f6rdert. Sie hilft, Schwellungen und Stauungen zu reduzieren und das Immunsystem zu st\u00e4rken. Wie funktioniert Lymphdrainage? Durch sanfte, rhythmische Bewegungen wird die Lymphfl\u00fcssigkeit in den Lymphgef\u00e4\u00dfen in Richtung der [&hellip;]","og_url":"https:\/\/web233.vm06.de\/index.php\/physioterhapie\/lymphdrainage\/","og_site_name":"Physiotherapie M\u00fcnster \u2013 physiowerk","article_modified_time":"2024-09-16T08:01:34+00:00","og_image":[{"url":"http:\/\/web233.vm06.de\/wp-content\/uploads\/2024\/07\/physiowerk-favicon.svg","type":"","width":"","height":""}],"twitter_card":"summary_large_image","twitter_misc":{"Gesch\u00e4tzte Lesezeit":"2\u00a0Minuten"},"schema":{"@context":"https:\/\/schema.org","@graph":[{"@type":"WebPage","@id":"https:\/\/web233.vm06.de\/index.php\/physioterhapie\/lymphdrainage\/","url":"https:\/\/web233.vm06.de\/index.php\/physioterhapie\/lymphdrainage\/","name":"Lymphdrainage in M\u00fcnster im physiowerk - Physiotherapie M\u00fcnster \u2013 physiowerk","isPartOf":{"@id":"https:\/\/web233.vm06.de\/#website"},"primaryImageOfPage":{"@id":"https:\/\/web233.vm06.de\/index.php\/physioterhapie\/lymphdrainage\/#primaryimage"},"image":{"@id":"https:\/\/web233.vm06.de\/index.php\/physioterhapie\/lymphdrainage\/#primaryimage"},"thumbnailUrl":"http:\/\/web233.vm06.de\/wp-content\/uploads\/2024\/07\/physiowerk-favicon.svg","datePublished":"2024-07-13T18:10:09+00:00","dateModified":"2024-09-16T08:01:34+00:00","breadcrumb":{"@id":"https:\/\/web233.vm06.de\/index.php\/physioterhapie\/lymphdrainage\/#breadcrumb"},"inLanguage":"de","potentialAction":[{"@type":"ReadAction","target":["https:\/\/web233.vm06.de\/index.php\/physioterhapie\/lymphdrainage\/"]}]},{"@type":"ImageObject","inLanguage":"de","@id":"https:\/\/web233.vm06.de\/index.php\/physioterhapie\/lymphdrainage\/#primaryimage","url":"https:\/\/web233.vm06.de\/wp-content\/uploads\/2024\/07\/physiowerk-favicon.svg","contentUrl":"https:\/\/web233.vm06.de\/wp-content\/uploads\/2024\/07\/physiowerk-favicon.svg","width":100,"height":100},{"@type":"BreadcrumbList","@id":"https:\/\/web233.vm06.de\/index.php\/physioterhapie\/lymphdrainage\/#breadcrumb","itemListElement":[{"@type":"ListItem","position":1,"name":"Startseite","item":"https:\/\/web233.vm06.de\/"},{"@type":"ListItem","position":2,"name":"Physiotherapie in M\u00fcnster \u2013\u00a0unsere Leistungen im physiowerk","item":"https:\/\/web233.vm06.de\/index.php\/physioterhapie\/"},{"@type":"ListItem","position":3,"name":"Lymphdrainage in M\u00fcnster im physiowerk"}]},{"@type":"WebSite","@id":"https:\/\/web233.vm06.de\/#website","url":"https:\/\/web233.vm06.de\/","name":"Physiotherapie M\u00fcnster \u2013 physiowerk","description":"Praxis f\u00fcr Physiotherapie in M\u00fcnster","publisher":{"@id":"https:\/\/web233.vm06.de\/#organization"},"potentialAction":[{"@type":"SearchAction","target":{"@type":"EntryPoint","urlTemplate":"https:\/\/web233.vm06.de\/?s={search_term_string}"},"query-input":{"@type":"PropertyValueSpecification","valueRequired":true,"valueName":"search_term_string"}}],"inLanguage":"de"},{"@type":"Organization","@id":"https:\/\/web233.vm06.de\/#organization","name":"Physiotherapie M\u00fcnster \u2013 physiowerk","url":"https:\/\/web233.vm06.de\/","logo":{"@type":"ImageObject","inLanguage":"de","@id":"https:\/\/web233.vm06.de\/#\/schema\/logo\/image\/","url":"https:\/\/web233.vm06.de\/wp-content\/uploads\/2024\/07\/physiowerk-muenster.svg","contentUrl":"https:\/\/web233.vm06.de\/wp-content\/uploads\/2024\/07\/physiowerk-muenster.svg","width":283,"height":81,"caption":"Physiotherapie M\u00fcnster \u2013 physiowerk"},"image":{"@id":"https:\/\/web233.vm06.de\/#\/schema\/logo\/image\/"}}]}},"_links":{"self":[{"href":"https:\/\/web233.vm06.de\/index.php\/wp-json\/wp\/v2\/pages\/177","targetHints":{"allow":["GET"]}}],"collection":[{"href":"https:\/\/web233.vm06.de\/index.php\/wp-json\/wp\/v2\/pages"}],"about":[{"href":"https:\/\/web233.vm06.de\/index.php\/wp-json\/wp\/v2\/types\/page"}],"author":[{"embeddable":true,"href":"https:\/\/web233.vm06.de\/index.php\/wp-json\/wp\/v2\/users\/3"}],"replies":[{"embeddable":true,"href":"https:\/\/web233.vm06.de\/index.php\/wp-json\/wp\/v2\/comments?post=177"}],"version-history":[{"count":32,"href":"https:\/\/web233.vm06.de\/index.php\/wp-json\/wp\/v2\/pages\/177\/revisions"}],"predecessor-version":[{"id":723,"href":"https:\/\/web233.vm06.de\/index.php\/wp-json\/wp\/v2\/pages\/177\/revisions\/723"}],"up":[{"embeddable":true,"href":"https:\/\/web233.vm06.de\/index.php\/wp-json\/wp\/v2\/pages\/167"}],"wp:attachment":[{"href":"https:\/\/web233.vm06.de\/index.php\/wp-json\/wp\/v2\/media?parent=177"}],"curies":[{"name":"wp","href":"https:\/\/api.w.org\/{rel}","templated":true}]}}